22
Let p(f) = 22*f**2 - f - 1. Suppose -6*h = -8*h - 46. Let m = h - -88. What is the remainder when m is divided by p(-1)?
21
Let w = 12 + -6. Suppose w*u - 70 = u. Let b = -1 - -6. What is the remainder when u is divided by b?
4
Suppose o + 2 = 2*r, 4*r = 3*r - 4*o - 8. Let m(b) = 17*b - 99. Let d be m(6). Suppose r = -d*k - 0 + 6. Calculate the remainder when 7 is divided by k.
1
Let y = -249 - -283. What is the remainder when 93 is divided by y?
25
Let v(x) be the second derivative of -x**3/6 + 11*x**2 + 2*x - 7. Calculate the remainder when v(15) is divided by 3.
1
Suppose 5*o = -2*u + 173, 3*o = -21*u + 22*u + 95. Calculate the remainder when 196 is divided by o.
31
Let u be -1 + (-7 - -3 - -4). Let o = u + 15. Calculate the remainder when o is divided by 5.
4
Let j(p) = -p + 18. Let l be j(13). Let h(r) = 7*r**2 - r**3 + 3 - r - 2 - l - 3. What is the remainder when h(5) is divided by 10?
8
Suppose 0*o - 2*o - 234 = 0. Let k = o - -208. Calculate the remainder when k is divided by 23.
22
Let y(t) = t**2 - 16*t + 43. Let u be y(18). Let w = u + -55. Calculate the remainder when 117 is divided by w.
21
Let q(k) = -k**3 + 15*k**2 + 6*k + 164. Calculate the remainder when 46 is divided by q(16).
2
Let a = 81 + -54. What is the remainder when 115 is divided by a?
7
Let d(i) be the second derivative of i**4/12 - 4*i**3/3 - 19*i**2/2 + 12*i. Let a be d(10). Let k = 5 + a. Calculate the remainder when 28 is divided by k.
4
Let r = 2199 + -2167. What is the remainder when 159 is divided by r?
31
Let y = 412 - 293. Suppose -j - 3*k + 63 = 0, 3*j + 5*k + 40 = 209. Let o = y - j. Calculate the remainder when o is divided by 18.
17
Let w(f) be the third derivative of 7*f**5/60 + f**4/8 + f**3/2 + 3*f**2. What is the remainder when w(-2) is divided by 12/(-21) - (-102)/7?
11
Let d(t) = t - 4. Let y be d(8). Suppose y*p + 40 = 124. Calculate the remainder when 32 + -20 - 5 - -1*53 is divided by p.
18
Calculate the remainder when 6 - -3*(-167)/(-3) is divided by 18.
11
Suppose 0 = -4*j - j + p + 467, 367 = 4*j - 3*p. Let t(n) = n - 20. Let w be t(-4). Let u = w + 48. Calculate the remainder when j is divided by u.
22
Let d be (-15)/6*(-124)/(-5). Let x = d - -95. What is the remainder when x is divided by 7?
5
Suppose -240 = -5*q - 0*q. Let r = -21 + q. Let o = 684 + -605. Calculate the remainder when o is divided by r.
25
Let h(m) = -m**2 - 33*m - 242. Calculate the remainder when 128 is divided by h(-12).
8
Suppose 5*x - 614 = 5*d - 4, -4*x + d = -479. Let h(z) = 64*z + 30. What is the remainder when x is divided by h(0)?
29
Let h = 1568 + -1245. Calculate the remainder when h is divided by 54.
53
What is the remainder when (-995)/15*(1 - (4 - 0)) is divided by 106?
93
Let c = -32 + -83. Let j = 128 + c. What is the remainder when j is divided by 7?
6
Suppose 2*m - z - 29 = 0, -2*m = -2*z - 13 - 13. What is the remainder when 189 is divided by m?
13
Let i(g) = -g + 26. Suppose -p + 2*c - 26 = 0, 5*c + 7 = -2*p - 0*c. What is the remainder when i(p) is divided by 11?
9
Suppose 5*q = 3*u + 2622, 0 = -3*q - 0*q + 2*u + 1573. Suppose 10*y - q - 265 = 0. Calculate the remainder when y is divided by 16.
15
Suppose -2*q - 3*u - 3 = 0, 3*q - 5*u - 45 = -2. Let k(h) = -h**3 + 7*h**2 - 5*h + 1. Suppose s = 13 + 20. Calculate the remainder when s is divided by k(q).
5
Let j(z) = -3*z + 10. Let y be j(5). Let a = y - -15. Suppose -x = g - 23, 4*x - 5*g = -a*g + 87. Calculate the remainder when 55 is divided by x.
27
Calculate the remainder when (-26)/(-234) - (-2951)/9 is divided by 55.
53
Let t(b) = -b**3 + 17*b**2 - 18*b + 20. Let z be t(16). What is the remainder when 6 is divided by (-22)/(-8) + (-27)/z + -2?
0
Let j(b) = 3*b**2 + 12*b + 4. Let m be j(-8). Suppose 0 = -5*r + 5*u + m, -40 = -2*r - 0*r + 5*u. What is the remainder when 38 is divided by r?
18
Suppose 2*o - 30 = 2*d, 3*o = -0*d - 2*d + 25. Calculate the remainder when o is divided by 7.
4
Let z(t) be the first derivative of -2*t**3/3 + 2*t**2 - 2*t + 4. Let a be z(4). What is the remainder when (-6)/4*456/a is divided by 13?
12
Suppose -4*t + 51 = -5*w + 3, 4*w = 0. Let l = t - 7. What is the remainder when 23 is divided by l?
3
Suppose -16 = 4*o, -2*f + 5*o + 46 = -8. Let h(q) = 17*q - 3. Let l = 38 + -36. Calculate the remainder when h(l) is divided by f.
14
Let u(x) = -11*x - 4. Suppose 4*s - 64 = i, 3*s + i - 3 = 45. Suppose 0 = -2*f - 2*f - s. Calculate the remainder when u(f) is divided by 21.
19
Suppose -4*x - o = -33, -18 = -3*x + 4*o - 7*o. What is the remainder when 58 is divided by x?
4
Let s = 254 + -221. Calculate the remainder when 163 is divided by s.
31
Calculate the remainder when ((1 + 258)/7)/1 is divided by 10.
7
Let v = -414 + 484. What is the remainder when v is divided by 7?
0
Let r(b) be the second derivative of -2*b**3/3 - 29*b**2/2 + 22*b. What is the remainder when r(-9) is divided by 6?
1
Let u = -68 - -36. Let b = 40 + u. What is the remainder when 15 is divided by b?
7
Let q(o) = -7*o**2 + 29*o + 3. Let i be q(4). Suppose 117 = i*g - 30. What is the remainder when 79 is divided by g?
16
Suppose -3*x = 2*y - 103, 5*y + 110 = 3*x - 0*x. What is the remainder when 0/(4/(-4)) + 68 + 0 is divided by x?
33
Let a(y) = -y**3 - 2*y**2 - 2*y - 2. Suppose 15 = 3*g, -g + 4*g = 5*z - 20. What is the remainder when a(-3) is divided by z?
6
Let o = 17 + -12. Suppose -160 = -o*f + 205. Let y = -89 - -126. What is the remainder when f is divided by y?
36
Calculate the remainder when 113 is divided by (-7 - -1)*(3 - (-56)/(-12)).
3
Let k be (-224)/42*(-30)/4. Suppose -2*s - r + 0*r = -29, 5*r - k = -3*s. Calculate the remainder when s is divided by 4.
3
Suppose 0 = -19*u + 14*u + 710. Suppose -3*v + 356 - u = 2*j, -5*j = -25. Calculate the remainder when v is divided by 14.
12
Suppose -6*y + 14*y = 136. What is the remainder when 32 is divided by y?
15
Let q = 179 + -126. Calculate the remainder when q is divided by 31.
22
Let l = 53 + -37. Suppose -l = 3*f + 47. What is the remainder when 530/6 - 14/f is divided by 15?
14
Let r(b) = b**2 + b. Let i be r(-2). Suppose 2*n - 86 = -4*z, -3*n - z = 24 - 128. Calculate the remainder when (n/(-2))/(i/(-4)) is divided by 18.
15
Let v(t) = -t**3 - 21*t**2 - 2*t - 31. Calculate the remainder when (4 + -5)/((-2)/82) is divided by v(-21).
8
Suppose i + 5*s + 17 = 4*i, -5*i - s = -19. Suppose -i*o + 32 = -4*w, -w = 5*o - 5 - 11. Suppose 147 = o*y - 21. What is the remainder when y is divided by 22?
20
Suppose -9*q + 4*q = -c - 35, 3*q + 4*c - 21 = 0. Let r = -9 + 4. Let p = r - -7. Calculate the remainder when q is divided by p.
1
Suppose 3*h - 13*h + 30 = 0. Suppose -h*c + 8*c = 85. Calculate the remainder when c is divided by 16.
1
Suppose 0 = 67*p + 416 - 1287. Calculate the remainder when 688 is divided by p.
12
Suppose -17*q + 12*q = 3*x - 85, -4*q = -x - 51. What is the remainder when 70 is divided by q?
0
Let p = 23 - 10. Let i(o) = -o**3 + 4*o**2 - o + 4. Calculate the remainder when p is divided by i(2).
3
Let k(b) be the third derivative of -b**4/24 + 5*b**3/6 + 5*b**2. Let f be k(-3). Suppose -2*z + f = -z. What is the remainder when 14 is divided by z?
6
Let r = 1031 - 976. What is the remainder when r is divided by 16?
7
Let n(w) = -5*w - 14. Let d be n(-13). Suppose 0 = -4*j + 4*r - 124, -2*j - 3*r = d + 26. Let a = 61 + j. What is the remainder when a is divided by 15?
12
Calculate the remainder when (-68)/20 + 3 - 4188/(-20) is divided by 71.
67
Let y(n) = n**3 - 16*n**2 - 20*n + 117. What is the remainder when y(17) is divided by 26?
14
Let p(n) = 3*n - 8. Let i(v) be the third derivative of v**5/12 + v**4/24 + 9*v**2. What is the remainder when i(-2) is divided by p(6)?
8
Calculate the remainder when 208 is divided by (-4)/22 + 4*501/132.
13
Let f(k) = k**2 + 21*k - 26. Calculate the remainder when f(-26) is divided by 54.
50
Let l(r) = r**3 - 8*r**2 + 7*r - 11. What is the remainder when l(8) is divided by 6?
3
Let o = -1455 - -1643. Calculate the remainder when o is divided by 56.
20
Let t be 150/50 + (2 - -1)/1. Let n(l) be the second derivative of l**5/20 - 5*l**4/12 - l**3/2 + 2*l. Calculate the remainder when n(t) is divided by 12.
6
Calculate the remainder when 56 is divided by (1/(-1))/((-2835)/(-203) + -14).
27
Su